the greatest common divisor of 65844 and 641448.
2124
Calculate the highest common factor of 248 and 971075.
31
Calculate the greatest common divisor of 85936 and 20992.
656
What is the highest common factor of 24 and 6568?
8
Calculate the highest common divisor of 4686301 and 31.
31
Calculate the highest common divisor of 34 and 233291.
17
What is the highest common factor of 417354 and 114?
114
Calculate the greatest common divisor of 5290 and 175628.
1058
Calculate the greatest common divisor of 16082 and 4644.
86
What is the greatest common factor of 432 and 226992?
48
What is the greatest common factor of 314323 and 6276?
523
What is the greatest common divisor of 23956 and 1356?
452
What is the greatest common factor of 744 and 4898?
62
Calculate the highest common factor of 790727 and 559.
43
What is the greatest common divisor of 205 and 105616?
41
What is the highest common factor of 20623 and 820?
41
What is the highest common divisor of 2 and 179?
1
Calculate the highest common factor of 5448 and 96.
24
Calculate the highest common factor of 644 and 358064.
644
Calculate the greatest common factor of 23171 and 51.
17
What is the greatest common divisor of 60 and 17679?
3
What is the highest common divisor of 6417 and 23?
23
What is the greatest common divisor of 5130 and 3610?
190
Calculate the greatest common factor of 190712 and 10912.
248
Calculate the highest common divisor of 1408 and 10624.
128
What is the highest common divisor of 152 and 2375?
19
What is the highest common factor of 11 and 14909?
1
Calculate the greatest common divisor of 160 and 2025440.
160
What is the greatest common factor of 42745 and 1339?
103
Calculate the greatest common factor of 1720 and 17080.
40
What is the greatest common factor of 689496 and 24?
24
Calculate the greatest common factor of 119 and 2672213.
17
What is the greatest common divisor of 5562560 and 320?
320
Calculate the highest common divisor of 24 and 1602.
6
Calculate the greatest common divisor of 176 and 9072.
16
What is the greatest common divisor of 45790 and 380?
190
Calculate the highest common factor of 118 and 118000.
118
What is the greatest common factor of 158114 and 55?
11
What is the greatest common divisor of 452 and 2914948?
452
Calculate the highest common divisor of 54588 and 16.
4
Calculate the highest common factor of 200 and 2618.
2
What is the greatest common factor of 2541 and 114587?
121
Calculate the greatest common factor of 49781 and 67.
67
What is the greatest common factor of 272 and 74768?
16
Calculate the greatest common factor of 6 and 7762.
2
What is the greatest common factor of 2235958 and 174?
58
Calculate the greatest common divisor of 5297500 and 300.
100
Calculate the highest common factor of 335012 and 2074.
122
What is the highest common factor of 3243 and 138?
69
Calculate the highest common factor of 19360 and 20.
20
Calculate the highest common factor of 6 and 56154.
6
Calculate the highest common factor of 770044 and 407.
407
What is the highest common factor of 12 and 2238?
6
Calculate the greatest common factor of 880 and 22528.
176
Calculate the highest common divisor of 160 and 154920.
40
What is the highest common divisor of 10650 and 200?
50
Calculate the greatest common factor of 2168575 and 25.
25
What is the greatest common divisor of 292129 and 244?
61
Calculate the highest common divisor of 13673 and 493471.
1243
What is the greatest common divisor of 69 and 256772?
23
What is the highest common factor of 35 and 289709?
7
What is the highest common factor of 171695 and 2185?
115
What is the greatest common factor of 24 and 8872?
8
Calculate the greatest common divisor of 166260 and 15.
15
Calculate the greatest common factor of 384 and 120704.
128
Calculate the greatest common divisor of 6347 and 77.
11
Calculate the highest common factor of 2378 and 941688.
2378
What is the greatest common factor of 16397 and 779?
19
Calculate the highest common divisor of 63 and 86121.
63
What is the greatest common factor of 2 and 1148?
2
Calculate the greatest common factor of 40 and 6296.
8
Calculate the highest common factor of 459 and 1390923.
153
What is the highest common factor of 41564 and 20?
4
What is the greatest common factor of 3548486 and 69?
23
What is the highest common factor of 7024 and 464?
16
What is the greatest common factor of 5313 and 711183?
759
What is the greatest common factor of 48 and 7886184?
24
Calculate the highest common divisor of 9118 and 3104.
194
Calculate the highest common divisor of 392 and 139538.
14
Calculate the highest common factor of 274 and 59.
1
Calculate the highest common divisor of 5082 and 1023.
33
What is the greatest common divisor of 69 and 875495?
23
Calculate the greatest common divisor of 64011 and 57.
57
What is the greatest common divisor of 3734225 and 2936?
367
What is the greatest common factor of 598 and 4336696?
598
Calculate the greatest common factor of 564 and 7764.
12
Calculate the greatest common divisor of 129 and 538661.
43
What is the greatest common factor of 8784 and 1708?
244
What is the highest common divisor of 9352 and 95704?
56
Calculate the greatest common factor of 5967 and 468.
117
What is the highest common factor of 3583419 and 1862?
931
Calculate the highest common factor of 82 and 61172.
82
What is the highest common divisor of 721569 and 122?
61
Calculate the greatest common divisor of 113793 and 83.
83
Calculate the greatest common factor of 16527 and 3822.
21
Calculate the highest common factor of 726 and 35453.
121
What is the greatest common factor of 62 and 94023?
31
What is the greatest common factor of 7341820 and 516?
172
Calculate the highest common divisor of 11 and 1694957.
11
Calculate the highest common factor of 12754 and 56.
14
Calculate the highest common factor of 164 and 8804.
4
Calculate the greatest common divisor of 5168 and 34663.
17
What is the greatest common factor of 20608 and 264684?
644
Calculate the highest common divisor of 3192 and 2109.
57
Calculate the highest common divisor of 1044 and 380364.
348
Calculate the greatest common divisor of 151058 and 376.
94
Calculate the greatest common factor of 719700 and 300.
300
Calculate the greatest common factor of 130 and 76102.
26
Calculate the highest common factor of 47183 and 899.
29
Calculate the greatest common factor of 11831 and 32.
1
What is the greatest common divisor of 1782 and 110106?
54
Calculate the greatest common divisor of 282 and 2256.
282
What is the highest common divisor of 210756 and 70?
14
Calculate the greatest common factor of 9 and 469557.
9
Calculate the highest common divisor of 149850 and 37962.
1998
Calculate the highest common divisor of 132 and 314490.
66
Calculate the highest common divisor of 10664 and 27466.
62
What is the greatest common divisor of 11 and 12882133?
11
Calculate the highest common divisor of 71968 and 312.
104
Calculate the greatest common divisor of 6972 and 32204.
332
What is the highest common factor of 198 and 22374?
198
Calculate the highest common divisor of 1412 and 128.
4
What is the highest common factor of 33369 and 18816?
147
What is the highest common factor of 219 and 3?
3
What is the highest common divisor of 681714 and 1252?
626
Calculate the highest common divisor of 3645 and 25.
5
Calculate the greatest common factor of 168 and 136164.
84
Calculate the greatest common divisor of 1419 and 21758.
473
Calculate the greatest common divisor of 268 and 321667.
67
Calculate the highest common divisor of 70 and 990.
10
Calculate the greatest common divisor of 120 and 23106.
6
Calculate the greatest common divisor of 36 and 220896.
36
Calculate the greatest common divisor of 21 and 2950668.
21
Calculate the highest common divisor of 151827 and 153.
51
What is the greatest common factor of 56 and 231?
7
Calculate the highest common divisor of 5547 and 9.
3
What is the greatest common factor of 23839 and 744?
31
What is the greatest common divisor of 19386 and 378?
54
Calculate the highest common factor of 323040 and 960.
480
What is the highest common factor of 3120 and 6370?
130
What is the highest common factor of 44 and 749089?
11
Calculate the highest common divisor of 43754 and 74146.
262
Calculate the greatest c